- 1) + 15 + (1 - 10) + -13
-16
Evaluate (-1 - -34) + (-154 - -108).
-13
Calculate 7 + 41 + (-8 - -5) + -13 + 2.
34
Calculate (10 - -3) + -20 + (-4 - -5).
-6
What is -5 + -18 + 18 + 12?
7
(-15 - (-52 + 2 - -1)) + 2
36
What is -18 + 9 - -14 - (0 + 1 - 1)?
5
What is the value of -10 - (-4 + -5 + -14)?
13
3 + 7 + (15 - 20) - -7
12
Calculate (5 - (1 + 2) - 0) + -8 + -2.
-8
3 - (-10 + 7 + -5)
11
Calculate 1 - 6 - (3 + 5) - 1.
-14
-26 + 51 + -20 - (8 + -3)
0
What is 949 - 941 - (-17 + 0)?
25
What is the value of -23 - (1 - 11) - -13?
0
What is the value of -5 - (22 + -15 - 8)?
-4
(22 - -14) + -26 + (10 + -3 - -3)
20
(0 - 0 - -3) + (-35 - 42 - -87)
13
Evaluate 11 + -3 + -5 + -1 - -3.
5
Calculate (314 - 324) + (-1 - -2 - (-3 + 1)).
-7
What is the value of -7 + (4 - (4 - 1 - (-13 + 15)))?
-4
(-1 - -3) + (-5 - -18) + -11 + -3
1
Evaluate 3 - ((-9 - 26) + 7).
31
What is 5 - 3 - (8 + -7)?
1
What is the value of 247 + -256 + 1 + -1?
-9
13 + (-8 - (8 - 2))
-1
-10 + 17 + 5 + -4 + 4
12
Evaluate 2 + 1 + -1 - (-15 - (3 + -17)).
3
Calculate 31 + (-32 - -18) + -6.
11
Evaluate 20 + -8 + -5 + -17.
-10
What is (46 - 2) + -25 + 2 + 12?
33
Evaluate -30 - (2 - (9 - -11)).
-12
Evaluate 6 + (3 - (16 - (2 + 2))).
-3
What is -3 - (-5 + 1 + (9 - 27) + 4)?
15
What is 10 + 15 + 6 + -18?
13
Calculate -34 - (-11 - (6 + 28)).
11
What is -11 + (-11 + -2 - -9) - -9?
-6
(5 - 13) + 19 + 4
15
Calculate -4 + 3 + (-3 - -12 - 12) - 8.
-12
Calculate (-3 - -1) + 0 + (14 - 5) + -16.
-9
Calculate (12 - -16) + -30 - (2 - (1 - -21)).
18
What is 1 - 7 - (21 + (-25 - 10)) - -1?
9
What is 67 + -74 + -7 + 1 + -1?
-14
What is the value of (1 - 2) + (-28 - -13) + (1 - -5)?
-10
Calculate 31 + (2 - 16) + -4.
13
What is the value of 25 + 2 + 129 + -136?
20
(-15 - (-27 + 52)) + 1 + -3 + 14
-28
Evaluate 0 + -12 + 211 + -195.
4
Calculate -218 - -225 - (0 + 1).
6
What is -2 + (-12 - -20) + -40 + 15?
-19
-13 - ((4 + -4 - 12) + -6)
5
What is 14 + -53 + 7 + 35?
3
-8 - 5 - (-4 - 2)
-7
What is the value of 10 + -10 + 9 + -23 + 12?
-2
What is the value of (8 - (16 + -6 - 8)) + -15?
-9
Calculate (12 - (23 + -15)) + -12 + 8.
0
Calculate -425 + 439 + (-10 - -1 - 1).
4
-1 + 8 + 3 + (-315 - -321)
16
3 + (1 + -4 - (-3 - -9))
-6
What is (12 - 0 - (3 + 4)) + -6?
-1
What is 14 - 0 - (-8 + 1 - (-67 - -55))?
9
Calculate (-8 - (9 + 2 + -8)) + 3.
-8
27 + 5 + -2 + 15 + -17
28
What is -12 + 7 + 7 - (10 + 0)?
-8
What is the value of -1 + 7 + 6 + -2 + -9 - 8?
-7
What is 5 - -1 - 1 - (10 + 3 + -27)?
19
What is -1 - (11 + -3 + 0 + -3)?
-6
What is -12 + (10 + -8 - -12)?
2
Evaluate 2 + 4 - 7 - (1 + (1 - 3)).
0
Evaluate (98 - 105) + (-4 + 1 - 7).
-17
Calculate (10 + -37 - -17) + 9 + 23.
22
0 - 36 - (-560 - -541)
-17
What is -3 + 7 + 6 + -5?
5
Calculate (-7 + 8 - (2 - 2 - -3)) + -11.
-13
What is the value of 1 - 9 - (4 + 4 + -2 + 2)?
-16
What is the value of -7 + (-7 - -6) + 10 - (-10 - -16)?
-4
-7 + 33 + -74 + 37
-11
Evaluate 528 + -509 + (-25 - 0).
-6
Calculate (-2 - -1) + -28 + (-96 + 32 - -58).
-35
What is the value of 0 - (-1 - -22 - (-30 + 40))?
-11
-12 - (-16 - (5 - 11))
-2
7 + (6 - (-11 + (11 - -7))) + 16
22
13 - (28 + -14) - (0 - 11) - 2
8
Evaluate 15 + -2 - (12 + -1).
2
(-11 - (-28 - -26)) + 3
-6
Evaluate 9 - (73 + -81 - (1 - 8)).
10
Evaluate -4 + 18 - (-86 - -110).
-10
Calculate 5 + (8 + 4 - -10) + -9.
18
Calculate 0 + -9 + 5 + 8 + (-24 - 0).
-20
What is the value of -23 - ((12 - 12) + -14 + (18 - 8))?
-19
What is 26 + -21 + (-3 - -2)?
4
Calculate 1 + -5 + 2 - (-21 + 16) - 7.
-4
What is -4 - 0 - (-9 - (3 - 27))?
-19
What is the value of (16 - (1 - (-5 + -1))) + -8?
1
What is the value of -4 + (-14 - (7 - 33)) - -23?
31
Calculate (-5 + 0 - -1) + 134 + -143.
-13
Evaluate -23 + (4 - -7) + 19 - 16.
-9
Evaluate (-12 - -5) + 10 - (7 + 0 + -3).
-1
Calculate 26 + -34 - -23 - (1 + -2).
16
10 + (13 + -5 + -43 - -9)
-16
What is (23 - (-11 + 20)) + -16 - (25 + -2)?
-25
Evaluate -39 + -1 - (-318 - -298).
-20
(-1 - 1) + (19 - 4) + -4
9
Calculate 10 - ((-14 - -14) + (8 + -11 - 2)).
15
Evaluate (-13 - 4) + 19 + 9.
11
Calculate -8 - -5 - 12 - (9 + (-2 - 1)).
-21
(12 - (3 + 2)) + (6 - -9) + -14
8
Evaluate ((-5 - -33) + -5 - (6 - -1)) + -3.
13
What is the value of 1 - (1 - -1 - (-35 - -32))?
-4
Calculate -149 - -190 - (-2 - -58).
-15
What is -2 + (2 - 5) - (-51 - -40) - 11?
-5
What is the value of 2 + -6 + (19 - 23) - -13?
5
23 + -5 + (55 - 75)
-2
Calculate 12 - (-19 + 9 + 7).
15
Evaluate (32 - (-11 + 24)) + (9 - 13).
15
What is the value of (-17 + 17 - -5) + -14 - -7?
-2
-464 + 487 + (-1 - -9)
31
What is -2 + (-6 + 17 - -6)?
15
What is -2 + 2 - -6 - (10 + -7)?
3
What is the value of -428 + 412 + -1 + 6 - 8?
-19
What is -31 + 1 + (1467 - 1437)?
0
Calculate -2 + 0 - (0 + -2 - (100 + -103)).
-3
Calculate 8 + -1 + (-27 - (-9 + 11)) + 5.
-17
Calculate (0 - 1) + -44 + (-1476 - -1494).
-27
Calculate -6 - ((-7 - -28) + (-13 - -2)).
-16
-3 - (14 + (20 - 53))
16
Evaluate -1 + 2 + -10 + 15.
6
What is the value of 24 - (-6 - (-12 + 10 - 10))?
18
What is (11 + -3 - 1) + 25?
32
Calculate 2 + 19 + 8 + (-14 - -25 - 8).
32
Calculate 1 + 15 + -4 + 7 + (-15 - -6).
10
Evaluate -12 + 47 - (-3 - (3 + -9)).
32
-6 + 18 + -7 - (17 - 3)
-9
What is the value of 1 - -8 - (17 - (-2 + -1))?
-11
Calculate -9 + 1 - -5 - (0 - 3 - 8).
8
What is (-1 + (-6 - -5) - 4) + (-1 - -17)?
10
Calculate -4 + (1 + -6 - 2) - -12.
1
What is (10 - -5) + -42 - (-18 - -10)?
-19
What is -8 - (-10 + (-13 - -6) - -4)?
5
Calculate 118 + -112 + 0 + -3 - 6.
-3
-7 + (6 - 1) - 24 - (-4 + -5)
-17
What is the value of -10 + -4 - (10 + -13)?
-11
Calculate (-9 - (-9 + 3)) + 11 - 13 - 19.
-24
What is (2 + -22 - -8) + 20?
8
Calculate -2 - ((10 + -8 - 10) + -7).
13
(-7 - 4) + 6 + 10
5
What is the value of (4 - (0 + 12)) + 38 - 8?
22
What is 5 + 24 + (-23 - -5)?
11
(-2 - (-3 + -3)) + (-3 - -13) + 8
22
Evaluate 283 + -278 + (1 + -3 - (-4 + 0)).
7
What is the value of -27 - (23 - (-17 - -46))?
-21
Evaluate -133 + 133 - (2 + (0 - -12)).
-14
Calculate 8 + (-6 - -10) - (-5 + -1).
18
Evaluate -2 + 1 - (-43 + 57 + -15).
0
What is the value of -10 + (-2 - -23) + -19 + (27 - 1)?
18
Calculate -3 + (1 + -4 - 15) + 7 + -3.
-17
-9 + (-19 - -14) + (14 - (2 + 4))
-6
What is the value of -8 + 20 + -11 - 2 - -2?
1
-22 - ((1 - -13) + -22)
-14
What is the value of -84 - -76 - (-1 - -10)?
-17
What is (10 - (2 - -9)) + 9 + 4?
12
Calculate 19 - (0 + 2 + 11 + -7).
13
Evaluate (-6 - (-22 - -4 - 1)) + -3 + 8.
18
What is 12 + (-8 - ((16 - 8) + -15) - -5)?
16
Evaluate 14 + (-1 - (-1 - -6)) + (0 - -13).
21
Evaluate -4 - (3 + -1 + -5 - (1 - 1)).
-1
What is the value of 11 + (-32 - -19 - (-25 - -9))?
14
(-31 + 20 - -42) + -15
16
What is the value of -11 + -22 + 5 + 36?
8
What is 2 + 7 - (59 - (36 - 1))?
-15
Evaluate -1 + (2 - 15) + 1.
-13
Evaluate -1 + -8 + 79 + -47.
23
-10 - (13 + 3 + -29)
3
What is -8 + (4 - -5 - -1)?
2
Evaluate (-6 - (0 - 2 - -2)) + -1737 + 1731.
-12
Calculate -4 - (-4 - 5 - (-15 + 3)).
-7
Calculate 2 - 1 - -14 - 27.
-12
What is -4 + -18 + 48 + -12?
14
Calculate 40 + 7 + -29 - 3.
15
What is the value of 9 + -4 + 18 + -2 + -3 + 3?
21
Evaluate -1 - (-39 + -2 + 28).
12
(-19 - (3 + -6 + 0) - -3) + 1
-12
Calculate (6 - -2) + (-19 - (-15 - 20)).
24
Calculate -3 - ((2 + -5 - -5) + -50 + 55).
-10
What is (-2 - 6) + 0 + -2?
-10
What is (7 - (-1 + 7)) + -11 + (1 - 1)?
-10
What is the value of (13 - (19 - 2)) + 15?
11
Calculate -6 + -1 + 0 - (-20 - -5).
8
What is the value of (29 - (21 - -9)) + -1 + -8?
-10
What is (-69 - (-32 - 14)) + -13?
-36
(-8 - 3) + (13 - 5) + 12
9
What is the value of -15 + 13 + -6 - -22?
14
What is (7 + (-12 - -1) - -6) + 11 - 4?
9
What is (5 - ((-1 - 0) + -1)) + -8?
-1
Calculate (259 - 268) + 3 + (-2 - -3).
-5
-25 + (3 + -11 - (-6 - (10 - 4)))
-21
Evaluate -11 - -16 - (2 - 0) - (11 - 9).
1
What is 2 + -17 - (20 + 6 + -21 - 11)?
-9
What is the value of -168 + 173 + (-22 - 0) + 9 + -1?
-9
Evaluate (-4 - (-3 - -1)) + (122 - 109) - -21.
32
Calculate -35 + (-14 - -29) + 27.
7
What is the value of -3 - (-10 - (0 - (-5 - -7)))?
5
What is (3 - -7) + -4 - 2 - (-8 - 0)?
12
(10 - 15 - -18 - -2) + -28
-13
What is the value of (-7 - -17) + 0 + 2?
12
What is the value of (19 - (-14 - -13)) + (-7 - 0)?
13
What is the value of 12 + 2 - (-30 - (-28 + -5))?
11
Calculate 3 + 1 + (-20 - (-15 - -4)).
-5
Calculate 93 + -